1 (base 2) to base 3
2001111212220
Convert -22222120000 (base 3) to base 16.
-2b2b7
What is 111031131012 (base 4) in base 7?
65155206
Convert -573745 (base 8) to base 15.
-3c98d
What is -35581 (base 11) in base 14?
-14984
-1337835 (base 9) to base 13
-1c9169
Convert 344482 (base 10) to base 3.
122111112121
147864 (base 10) to base 6
3100320
Convert 14b388 (base 13) to base 12.
2073ab
Convert -11230330 (base 4) to base 11.
-16603
-187502 (base 10) to base 8
-556156
Convert 165742 (base 9) to base 5.
11241130
What is 1000001111000000010 (base 2) in base 5?
32113301
Convert 35937 (base 14) to base 10.
130781
What is 12211101112 (base 3) in base 14?
2db57
24554411 (base 6) to base 13
219b71
What is 1010010000100100010 (base 2) in base 5?
41224122
Convert -212232145 (base 6) to base 9.
-7048312
What is -491d3b (base 15) in base 11?
-1a80237
What is -3102815 (base 10) in base 5?
-1243242230
32343155 (base 6) to base 12
3a4abb
10011110001111011001 (base 2) to base 16
9e3d9
20220742 (base 8) to base 11
2455aa8
What is -dbbe8 (base 15) in base 4?
-2222121113
What is 13c04 (base 14) in base 11?
338aa
Convert -20004126 (base 7) to base 16.
-19278f
What is 2aa26 (base 14) in base 5?
11400031
314424055 (base 6) to base 8
25104243
Convert 2509213 (base 10) to base 6.
125440421
What is -20000110001 (base 3) in base 9?
-200401
Convert -3011130113 (base 4) to base 12.
-33001b
Convert 1101300342 (base 5) to base 14.
4593d5
1ee937 (base 15) to base 10
1517452
-241244 (base 8) to base 6
-1434220
Convert -3003020331 (base 4) to base 13.
-21ca71
What is -26ec2 (base 16) in base 7?
-1232541
-135a39 (base 15) to base 7
-10623423
Convert 4421104 (base 10) to base 9.
8277547
Convert 11010100101000011 (base 2) to base 11.
74880
-32202523 (base 7) to base 10
-2740489
What is 1276261 (base 8) in base 2?
1010111110010110001
What is 10011010110000101100101 (base 2) in base 9?
10478342
What is -20012111002022 (base 3) in base 14?
-61b556
What is 1812a7 (base 15) in base 4?
10131033211
What is -10121022222 (base 3) in base 7?
-413603
What is -2a1300 (base 13) in base 9?
-1841114
Convert -1000001111111110 (base 2) to base 16.
-83fe
10515034 (base 7) to base 14
19a38b
-2130435 (base 7) to base 5
-31301110
-6b1db (base 14) to base 12
-1070b9
-678232 (base 9) to base 2
-1100011001011100100
Convert 4ac40 (base 13) to base 3.
21000201000
What is -1001111001110001001001 (base 2) in base 14?
-4b8065
Convert 30300030101 (base 4) to base 12.
1152815
Convert 1245125244 (base 6) to base 15.
147596a
3002002223 (base 4) to base 9
1441225
What is -31002320 (base 5) in base 2?
-111101000111011111
1990a9 (base 11) to base 6
10311354
-612211 (base 9) to base 12
-155931
Convert -110110000110000010011 (base 2) to base 16.
-1b0c13
Convert -5516431 (base 9) to base 5.
-1224314422
2bae6 (base 15) to base 14
39481
41150004 (base 6) to base 11
737058
20120020212010 (base 3) to base 16
353c79
Convert 101111101100000010 (base 2) to base 15.
3cd20
-110121200 (base 5) to base 11
-2a3663
What is -37ba9 (base 16) in base 13?
-7cb8b
What is 301664 (base 7) in base 11?
35439
Convert 1554195 (base 14) to base 13.
220b9b4
What is -101313022 (base 4) in base 15?
-16a27
What is -108056 (base 9) in base 8?
-176644
Convert 5b726 (base 16) to base 3.
201000210211
Convert -66975 (base 11) to base 10.
-97003
-3b9c18 (base 15) to base 6
-141250122
What is -571177 (base 13) in base 8?
-7665150
Convert -1121200020021 (base 3) to base 15.
-11eaaa
What is 160842 (base 10) in base 6?
3240350
3803b (base 14) to base 10
137253
Convert -2140253 (base 6) to base 2.
-11001111110001001
-409833 (base 15) to base 12
-1040563
What is -4510403 (base 7) in base 12?
-22a57b
Convert -151110 (base 10) to base 15.
-2eb90
What is 32783 (base 16) in base 10?
206723
Convert 30443014 (base 5) to base 3.
110200121100
-6b85 (base 15) to base 2
-101100101000010
What is 8685182 (base 9) in base 10?
4662110
Convert -1100101101000010000 (base 2) to base 8.
-1455020
What is -20a280 (base 14) in base 3?
-2002001211210
45618 (base 16) to base 3
112102211100
What is -13001311210 (base 4) in base 2?
-111000001110101100100
-1303544 (base 7) to base 11
-106289
What is -470156 (base 8) in base 16?
-2706e
Convert 16023712 (base 8) to base 14.
6bb278
What is 1148 (base 16) in base 7?
15620
2bf90a (base 16) to base 8
12774412
What is 2a69a0 (base 11) in base 13?
13957c
-2520840 (base 9) to base 14
-279d93
-13151220 (base 6) to base 8
-1520434
What is 11122121220 (base 3) in base 8?
262675
Convert 1002010102122 (base 3) to base 12.
237938
What is -19226a (base 14) in base 15?
-12887c
2202200023 (base 4) to base 12
281237
Convert 56332 (base 9) to base 7.
214121
Convert -132530130 (base 6) to base 11.
-1554184
-220112203 (base 4) to base 14
-4433d
What is 8717 (base 14) in base 16?
5b31
33310442 (base 6) to base 12
405422
-20333023103 (base 4) to base 12
-95746b
What is -962138 (base 13) in base 3?
-20121201020222
11112002201 (base 3) to base 16
15bb3
Convert -410511240 (base 6) to base 3.
-111020121112120
Convert -6053434 (base 8) to base 16.
-18571c
Convert 24 (base 10) to base 12.
20
-11977ac (base 13) to base 12
-19ba6bb
What is -1000110101001 (base 2) in base 15?
-1516
What is 5c284c (base 13) in base 16?
21a54f
Convert -146144 (base 10) to base 4.
-203223200
Convert -24004106 (base 7) to base 5.
-1020302414
What is 1526316 (base 7) in base 3?
101121021210
-4c9afa (base 16) to base 14
-94984a
What is -4c5a25 (base 13) in base 8?
-7012742
-828013 (base 11) to base 5
-320001402
What is -3949157 (base 10) in base 2?
-1111000100001001100101
What is 130bb (base 12) in base 2?
110010111001111
264848 (base 9) to base 12
79268
111010001110011 (base 2) to base 5
1423221
Convert 10100010101011011101100 (base 2) to base 15.
7046cd
10113321320 (base 4) to base 7
12513350
What is 123011223 (base 5) in base 4?
2101022003
Convert -187596 (base 13) to base 10.
-616128
What is 541441 (base 7) in base 3?
11210020011
143275 (base 12) to base 6
11121425
Convert 14b2da (base 14) to base 4.
2300111100
-12355135 (base 6) to base 9
-675405
What is 14781 (base 13) in base 3?
1222000000
What is -11000100221 (base 3) in base 4?
-103102120
What is -115144312 (base 7) in base 8?
-33367260
22212110010 (base 3) to base 12
85026
What is 5982b2 (base 12) in base 15?
1d8255
148743 (base 10) to base 14
3c2c7
What is 11100000000010000000 (base 2) in base 7?
10541212
What is -64755 (base 9) in base 5?
-2333044
3404301 (base 6) to base 15
35e9a
Convert 25648 (base 10) to base 5.
1310043
What is a6694 (base 11) in base 2?
100101111001011001
What is 6878028 (base 11) in base 12?
4042423
What is 6307635 (base 8) in base 5?
412101130
Convert -10010010111101100 (base 2) to base 16.
-125ec
-1905a63 (base 11) to base 4
-30110110122
What is -112202022112 (base 3) in base 11?
-189185
Convert 200214032 (base 6) to base 10.
3376964
Convert -11474545 (base 8) to base 2.
-1001100111100101100101
-54030132 (base 7) to base 16
-461f82
What is -6aaa07 (base 15) in base 7?
-61223311
-11112000311 (base 4) to base 5
-324312020
Convert -3055153 (base 7) to base 4.
-1121202202
ece50 (base 16) to base 9
1738023
Convert -11010111001110011 (base 2) to base 14.
-2c231
What is 1123144132 (base 5) in base 15?
3566cc
-3d239 (base 14) to base 7
-1200202
11143600 (base 7) to base 12
3a887a
Convert 1a117a (base 11) to base 6.
10342320
156890 (base 11) to base 6
5114233
-c7cbd7 (base 15) to base 5
-4413310202
-1022021002120 (base 3) to base 4
-2221130331
What is 1107635 (base 9) in base 5?
123033421
Convert -1102220110110 (base 3) to base 12.
-30b1b6
Convert 239c3e (base 15) to base 10.
1703759
What is 624326 (base 7) in base 6?
2144115
What is 251576 (base 13) in base 2?
11011000111011010010
-100101201 (base 3) to base 16
-1ac2
Convert -2133104 (base 5) to base 16.
-8f2e
What is 466442 (base 9) in base 14?
74214
What is 93ad16 (base 16) in base 7?
145156020
-64103616 (base 8) to base 3
-221201022111012
What is 10154231 (base 6) in base 7?
2336326
What is -5114424 (base 6) in base 5?
-30242001
What is 1100000011111010000 (base 2) in base 13?
10ab73
Convert -41c3d (base 15) to base 16.
-32ef9
What is -2143021 (base 6) in base 2?
-11010000110110101
What is -1210030 (base 5) in base 13?
-a32c
What is b0037d (base 14) in ba